hat is the greatest common factor of 20803 and 65632?
293
Calculate the highest common factor of 125169 and 1023.
33
Calculate the highest common factor of 24882 and 151786.
58
Calculate the greatest common divisor of 2090 and 1620824260.
2090
What is the highest common divisor of 1649 and 27021484?
97
What is the greatest common divisor of 33 and 2655983?
11
What is the greatest common factor of 568 and 51028552?
568
What is the greatest common divisor of 52146786 and 918?
102
Calculate the highest common divisor of 310747 and 3.
1
What is the greatest common divisor of 6140358 and 2142?
126
Calculate the highest common factor of 6813057 and 87.
87
Calculate the highest common divisor of 2164314 and 15322.
326
Calculate the highest common factor of 6241690 and 89908.
3458
What is the highest common divisor of 1016115 and 4905?
15
Calculate the greatest common divisor of 29 and 65237501.
29
What is the highest common factor of 221652 and 227574?
846
Calculate the highest common divisor of 5 and 8369020.
5
What is the highest common factor of 1896480 and 204768?
864
What is the highest common factor of 1309 and 3954302?
187
What is the highest common factor of 5135815 and 65?
5
Calculate the greatest common factor of 36456 and 256866.
186
Calculate the greatest common factor of 21618 and 57438.
18
What is the highest common factor of 740727 and 135369?
1521
What is the greatest common divisor of 9149523 and 6?
3
Calculate the highest common factor of 109296 and 149472.
432
Calculate the greatest common factor of 91932722 and 14.
14
What is the greatest common factor of 2619 and 309?
3
What is the greatest common divisor of 1196 and 32506084?
1196
What is the highest common factor of 660 and 315942?
66
Calculate the greatest common divisor of 1272 and 11260168.
424
Calculate the greatest common factor of 280 and 119694610.
70
What is the highest common divisor of 190817 and 41002?
1577
What is the highest common factor of 662069 and 64213?
157
Calculate the greatest common divisor of 4800712 and 7552.
472
What is the highest common divisor of 25993496 and 184?
184
Calculate the highest common factor of 1825128 and 9.
9
What is the greatest common factor of 761816 and 4118371?
787
What is the highest common factor of 1260 and 7131852?
252
What is the greatest common divisor of 1470 and 3889704?
42
Calculate the highest common divisor of 5947 and 616151.
19
What is the greatest common divisor of 164522325 and 282?
141
Calculate the highest common factor of 3659 and 33691.
1
What is the greatest common divisor of 41418650 and 6370?
910
What is the highest common divisor of 23 and 305431283?
23
Calculate the highest common divisor of 16683596 and 228.
76
Calculate the greatest common divisor of 92880327 and 318.
159
Calculate the greatest common divisor of 72540 and 14421510.
2790
What is the greatest common factor of 152 and 1257734?
2
What is the greatest common factor of 528714967 and 902?
451
What is the highest common factor of 103210899 and 5412?
1353
What is the greatest common factor of 64269 and 39146?
37
Calculate the greatest common divisor of 351 and 12888889.
13
What is the highest common divisor of 119 and 21200186?
7
What is the highest common divisor of 477967 and 28?
7
What is the greatest common divisor of 35479695 and 45?
15
What is the greatest common divisor of 956327593 and 13?
13
Calculate the highest common divisor of 1314668439 and 8442.
4221
Calculate the highest common factor of 125533 and 6859.
19
What is the greatest common divisor of 31250216 and 952?
136
What is the highest common factor of 30582 and 7438222?
3398
What is the greatest common divisor of 141949836 and 596505?
9177
Calculate the highest common factor of 2670915 and 195.
195
Calculate the highest common factor of 1054839 and 25828.
587
What is the highest common divisor of 26152 and 189?
7
What is the greatest common factor of 2440035132 and 11644?
11644
What is the highest common factor of 89806 and 1326532?
1082
Calculate the highest common factor of 405 and 23038830.
405
Calculate the greatest common divisor of 459 and 26379.
27
What is the highest common factor of 1204 and 35137788?
28
Calculate the greatest common factor of 18495 and 239301.
27
What is the greatest common divisor of 22 and 4201294614?
22
Calculate the highest common factor of 5277905 and 1147.
31
Calculate the greatest common divisor of 225 and 810328050.
225
Calculate the highest common factor of 485 and 39890668.
97
What is the greatest common factor of 13715 and 189919834?
2743
Calculate the highest common divisor of 632691 and 18832.
107
Calculate the highest common divisor of 244 and 840145802.
122
What is the highest common divisor of 103243 and 83119?
43
What is the greatest common factor of 1284 and 342129504?
1284
Calculate the highest common factor of 50 and 317690570.
10
What is the greatest common factor of 1530 and 949535?
85
Calculate the greatest common divisor of 2675668001 and 13082.
6541
Calculate the highest common divisor of 273093 and 400287.
3741
What is the highest common factor of 3832 and 40474063?
479
Calculate the highest common factor of 515536 and 5169169.
4603
What is the highest common divisor of 2854988 and 728?
4
What is the greatest common divisor of 160660 and 50344?
116
What is the highest common divisor of 2 and 826907?
1
What is the highest common factor of 43126029 and 684?
171
Calculate the greatest common divisor of 99993827 and 1049.
1049
Calculate the highest common factor of 15929970 and 30.
30
What is the highest common divisor of 202550 and 1010?
10
Calculate the highest common divisor of 251475 and 2275.
175
What is the highest common divisor of 1638 and 1989036?
126
Calculate the highest common divisor of 8296 and 79063320.
488
Calculate the greatest common factor of 162 and 504378.
18
What is the highest common factor of 404 and 124457654?
202
Calculate the highest common factor of 168 and 10449376.
56
What is the highest common factor of 2791984884 and 1586?
1586
Calculate the highest common factor of 9747424 and 128.
32
Calculate the greatest common divisor of 2223 and 9436464.
171
Calculate the highest common factor of 116086875 and 20625.
1875
What is the greatest common factor of 30 and 183569270?
10
Calculate the greatest common factor of 444609 and 25839.
891
What is the highest common factor of 754 and 2519926?
58
Calculate the greatest common factor of 3457 and 2128907025.
3457
What is the highest common factor of 44810363 and 104?
13
Calculate the highest common factor of 61 and 551525888.
61
Calculate the greatest common divisor of 106 and 7102318.
106
Calculate the greatest common divisor of 37061465 and 122.
61
What is the highest common divisor of 57986 and 4419414?
734
What is the greatest common factor of 69080370 and 120?
30
What is the greatest common divisor of 7623 and 5003757?
99
Calculate the greatest common divisor of 1370 and 1009426686.
274
What is the greatest common divisor of 3302082 and 1606?
146
What is the greatest common factor of 6102 and 22218173?
113
Calculate the greatest common factor of 1032483 and 3.
3
What is the greatest common divisor of 22303609 and 174947?
4267
Calculate the highest common factor of 92859600 and 300.
300
Calculate the greatest common factor of 2597 and 7203707.
371
What is the highest common divisor of 45080 and 15554168?
392
What is the greatest common divisor of 1262534867 and 14113?
14113
Calculate the greatest common divisor of 36 and 5974164.
36
Calculate the highest common divisor of 22032 and 358992.
1296
What is the highest common factor of 73232 and 18850673?
199
Calculate the greatest common divisor of 8426 and 284952.
766
Calculate the highest common divisor of 5526624 and 1725.
69
Calculate the greatest common factor of 45 and 1712460.
15
Calculate the highest common factor of 20 and 7299430.
10
Calculate the highest common factor of 1615922 and 25872.
1078
Calculate the greatest common factor of 1115615 and 8989.
89
What is the highest common factor of 12956441 and 29015?
829
Calculate the highest common factor of 1807689 and 429.
39
Calculate the highest common factor of 300891602 and 1122.
374
What is the greatest common divisor of 802454851 and 1562?
781
W